 661, 38557
What are the prime factors of 14045710?
2, 5, 7, 163, 1231
What are the prime factors of 110679736?
2, 47, 6263
What are the prime factors of 1671175002?
2, 3, 7, 281, 141601
List the prime factors of 292458594.
2, 3, 48743099
What are the prime factors of 5891374492?
2, 821, 1793963
List the prime factors of 397103098.
2, 7, 28364507
List the prime factors of 128146606.
2, 7, 821, 11149
What are the prime factors of 813257199?
3, 4937, 6101
List the prime factors of 22176792.
2, 3, 11, 28001
What are the prime factors of 52991479?
883, 60013
List the prime factors of 29141865.
3, 5, 313, 2069
List the prime factors of 23114266.
2, 7, 1651019
What are the prime factors of 334100678?
2, 127, 139, 9463
List the prime factors of 122096650.
2, 5, 13, 23, 8167
List the prime factors of 126144743.
17, 19, 22973
List the prime factors of 10540244.
2, 11, 13, 18427
List the prime factors of 26715265.
5, 277, 19289
List the prime factors of 60830805.
3, 5, 7, 82763
What are the prime factors of 1200659950?
2, 5, 7, 61, 56237
What are the prime factors of 45699770?
2, 5, 4569977
What are the prime factors of 18530459?
17, 1090027
List the prime factors of 374315109.
3, 7, 17824529
List the prime factors of 605377640.
2, 5, 7, 2162063
What are the prime factors of 39893536?
2, 1246673
What are the prime factors of 139765762?
2, 61, 1145621
List the prime factors of 82708791.
3, 11, 17, 379, 389
List the prime factors of 162976716.
2, 3, 7, 151, 4283
List the prime factors of 806220496.
2, 50388781
List the prime factors of 21942351.
3, 101, 239
List the prime factors of 775219190.
2, 5, 19, 37, 110273
What are the prime factors of 2604394993?
32237, 80789
List the prime factors of 1753816532.
2, 13, 73, 6329
What are the prime factors of 1430470290?
2, 3, 5, 19, 2509597
List the prime factors of 83263321.
29, 313, 9173
List the prime factors of 62791382.
2, 349, 89959
List the prime factors of 161523139.
97, 101, 16487
List the prime factors of 25763291.
163, 179, 883
List the prime factors of 84452122.
2, 31, 1362131
What are the prime factors of 92790725?
5, 797, 4657
List the prime factors of 275075477.
11287, 24371
What are the prime factors of 26510627?
11, 13, 67, 2767
What are the prime factors of 94814163?
3, 1733, 6079
What are the prime factors of 37690128?
2, 3, 7, 139, 269
List the prime factors of 133891784.
2, 13, 19, 67759
List the prime factors of 2498489.
7, 356927
What are the prime factors of 654528751?
2999, 218249
List the prime factors of 11881291.
2087, 5693
What are the prime factors of 6750386?
2, 863, 3911
List the prime factors of 16325147.
23, 709789
List the prime factors of 1491903249.
3, 497301083
List the prime factors of 145404844.
2, 13, 43, 65029
What are the prime factors of 20549350?
2, 5, 23, 107, 167
List the prime factors of 784894466.
2, 19301, 20333
What are the prime factors of 71795851?
19, 29, 229, 569
What are the prime factors of 22466892?
2, 3, 7, 19, 2011
List the prime factors of 172697082.
2, 3, 47, 612401
List the prime factors of 120249105.
3, 5, 41, 195527
What are the prime factors of 796890332?
2, 7, 4065767
List the prime factors of 932996879.
89, 107, 97973
List the prime factors of 122616778.
2, 61308389
List the prime factors of 153607162.
2, 593, 129517
List the prime factors of 128018069.
23, 5566003
List the prime factors of 482326461.
3, 733, 24371
What are the prime factors of 55598189?
55598189
What are the prime factors of 34563424?
2, 7, 47, 67
List the prime factors of 90488964.
2, 3, 601, 12547
List the prime factors of 8051376008.
2, 13, 19, 79, 51577
List the prime factors of 418917436.
2, 7, 14961337
What are the prime factors of 87365183?
211, 414053
What are the prime factors of 348417007?
59, 127, 46499
List the prime factors of 3829133353.
3829133353
List the prime factors of 5857180271.
83, 70568437
List the prime factors of 791494662.
2, 3, 7, 18845111
List the prime factors of 271351296.
2, 3, 727
What are the prime factors of 5003974706?
2, 113, 22141481
What are the prime factors of 178981919?
19, 9420101
List the prime factors of 61312616.
2, 7664077
What are the prime factors of 1741124937?
3, 580374979
What are the prime factors of 3499777652?
2, 7, 29, 4310071
What are the prime factors of 1605928684?
2, 101, 409, 9719
What are the prime factors of 1258012138?
2, 17, 37000357
List the prime factors of 122199319.
11, 11109029
What are the prime factors of 195788641?
241, 812401
List the prime factors of 2430889233.
3, 37, 193, 233, 487
List the prime factors of 18341135.
5, 3668227
List the prime factors of 2200308235.
5, 31, 2099, 6763
List the prime factors of 2688128583.
3, 7, 18286589
List the prime factors of 45030294.
2, 3, 1201, 2083
List the prime factors of 242831892.
2, 3, 47, 430553
List the prime factors of 51653847.
3, 7, 2459707
List the prime factors of 237691808.
2, 7427869
List the prime factors of 2322957997.
43, 929, 58151
List the prime factors of 347164415.
5, 13, 23, 232217
List the prime factors of 474692968.
2, 59336621
List the prime factors of 45476918.
2, 19, 47, 25463
List the prime factors of 45431253.
3, 7, 271, 887
What are the prime factors of 6671276472?
2, 3, 7, 127, 312677
What are the prime factors of 412321443?
3, 1669, 82349
What are the prime factors of 8221261731?
3, 37, 101, 733321
What are the prime factors of 11534455?
5, 103, 22397
List the prime factors of 120289166.
2, 3389, 17747
What are the prime factors of 59922248?
2, 727, 10303
List the prime factors of 177690485.
5, 7, 211, 24061
List the prime factors of 423428606.
2, 211714303
List the prime factors of 1205726357.
11, 109611487
What are the prime factors of 62157147?
3, 13, 1593773
List the prime factors of 59243906.
2, 23, 59, 83, 263
List the prime factors of 1452262280.
2, 5, 7, 5186651
What are the prime factors of 82598896?
2, 1123, 4597
List the prime factors of 1375055958.
2, 3, 1879, 121967
What are the prime factors of 896046387?
3, 17, 17569537
List the prime factors of 5999195309.
5999195309
What are the prime factors of 586093670?
2, 5, 58609367
List the prime factors of 103720700.
2, 5, 467, 2221
What are the prime factors of 683717111?
7, 11, 67, 132529
What are the prime factors of 151774758?
2, 3, 8431931
List the prime factors of 3772019368.
2, 13, 1487, 24391
List the prime factors of 136321419.
3, 13, 17, 127, 1619
List the prime factors of 89234021.
383, 232987
List the prime factors of 90002265.
3, 5, 919, 6529
What are the prime factors of 499511597?
13, 38423969
What are the prime factors of 1505536438?
2, 7, 23, 37, 107, 1181
What are the prime factors of 86741947?
23, 409, 9221
What are the prime factors of 134886703?
7, 83, 179, 1297
What are the prime factors of 62011614?
2, 3, 7, 17, 86851
What are the prime factors of 6277216067?
19, 43, 53, 144967
List the prime factors of 70541442.
2, 3, 173, 839
List the prime factors of 56580318.
2, 3, 17, 184903
What are the prime factors of 46953523?
29, 1619087
List the prime factors of 234912828.
2, 3, 19576069
List the prime factors of 7049791609.
7, 1007113087
What are the prime factors of 1089560640?
2, 3, 5, 7, 281, 577
List the prime factors of 2550661.
547, 4663
What are the prime factors of 3061240726?
2, 26861, 56983
List the prime factors of 280614743.
19, 23, 433, 1483
List the prime factors of 4723908254.
2, 13, 181688779
What are the prime factors of 93320136?
2, 3, 7, 13, 14243
What are the prime factors of 33365172?
2, 3, 71, 39161
List the prime factors of 67520351.
61, 1106891
What are the prime factors of 1016258691?
3, 7, 17, 1061, 2683
What are the prime factors of 7701984?
2, 3, 47, 569
What are the prime factors of 18231624?
2, 3, 313, 809
What are the prime factors of 2286914?
2, 7, 163351
List the prime factors of 116764980.
2, 3, 5, 61, 523
What are the prime factors of 63124628?
2, 7, 2254451
List the prime factors of 248402695.
5, 227, 218857
List the prime factors of 95264653.
11, 8660423
What are the prime factors of 2099284?
2, 11, 47711
List the prime factors of 340221620.
2, 5, 29, 586589
What are the prime factors of 13273068?
2, 3, 29, 43, 887
List the prime factors of 10687560.
2, 3, 5, 13, 17, 31
List the prime factors of 1005631998.
2, 3, 7, 342